units digit of f?
4
Let y be (4/(-14))/((-4)/28). Let i be ((-30)/2)/(-3) - y. Suppose 3*p - 3 = -4*g, 0 = i*p - 0*p - 2*g - 21. What is the units digit of p?
5
What is the hundreds digit of 1/(-3) + (-1520)/(-6)?
2
Suppose -5*j = -4*y + 34 - 133, -5*y - 132 = 2*j. Let t = y + 39. What is the units digit of t?
3
What is the hundreds digit of 115 - (-6 + (7 - 5))?
1
Let o be 12/2*(2 - 3). Let l(x) = x**3 + 5*x**2 - 8*x - 3. What is the units digit of l(o)?
9
Let u = -112 - -160. Suppose 0*t - u = -3*t. What is the units digit of t?
6
Suppose k + 405 = 6*k. What is the units digit of k?
1
Let h(i) = 2*i + 1 + 2*i**2 + 2 + 0*i**2 - 3*i. Let m be h(-3). Suppose -2*r + m = r. What is the units digit of r?
8
Let d(g) be the first derivative of g**4/4 + 7*g**3/3 + 2*g**2 + 6*g - 5. What is the units digit of d(-6)?
8
Let g = 1 + 1. Let d be 10 + -1 + 1 + 0. Let w = d - g. What is the units digit of w?
8
Let r = -37 - -123. What is the tens digit of r?
8
Let w be (3 + 2)*(-8)/(-10). Suppose z + 27 = w*z. What is the units digit of z?
9
Suppose 2 = 2*v, -t + 43 = 2*t - 2*v. Suppose -5 = -2*h + t. What is the units digit of h?
0
Let d be (2/(-4))/(2/(-4)). What is the units digit of 8 - (0 - d*-2)?
6
Suppose -4*a = -3*g + 424, -2*g + 6*a - 2*a + 280 = 0. What is the tens digit of g?
4
Let r = -6 + 13. Let l(n) = n - 6. What is the units digit of l(r)?
1
Let x(u) = 3*u - 21. Let a be x(7). Let q be 14*2/(-8)*-2. Suppose a*p + q = p. What is the units digit of p?
7
Suppose 0*c - 22 = -3*l - 2*c, -5*c = 3*l - 37. Suppose -5*v = j, 2*j = j - l*v + 1. Suppose -21 = -2*f - j. What is the units digit of f?
8
Let g be (-3 - 1)/(-4) - -5. What is the tens digit of (-168)/(-4) - (-3 + g)?
3
Let c(j) = -j**3 - j**3 + 6*j**2 - 2*j + 2*j**3 - j**3. Let u be c(5). Suppose 3*w + 2*w + u = 0, 5*q + 4*w - 48 = 0. What is the tens digit of q?
1
Suppose -2 - 6 = -2*r. Let i = 4 + r. What is the units digit of i?
8
Let a = 34 + -13. What is the units digit of a?
1
Suppose -115 = 2*t - 3*t. What is the hundreds digit of t?
1
Let g(b) = 2*b**2 - 2*b - 1. Let x be g(-1). Let i = 15 - x. What is the units digit of i?
2
Suppose -w = -6*w - 2*o + 18, -4*o + 16 = 0. Suppose -l = -y - w, -3*l + 2*l = 2*y + 4. Let z = y + 5. What is the units digit of z?
3
Let w be 1/(1*(-1)/4). Let y be (-1 + (0 - w))*-3. What is the units digit of (-15)/y + (-2)/(-6)?
2
Let c = -16 + 17. What is the units digit of c?
1
Let o be 2 + 2/1 - -1. Suppose -o*g + 96 = -7*f + 4*f, -5*g + f = -92. What is the units digit of g?
8
Suppose p + 38 = 12. Let v = p + 36. What is the units digit of v?
0
Let o(h) = 30*h - 13. What is the units digit of o(3)?
7
Let c be 7 - ((0 - -1) + 1). Suppose -c*f - 19 = -54. Suppose -3*h + f*h - 12 = 0, 3*t = -4*h + 39. What is the units digit of t?
9
Suppose -4*l = 4*s - 108, l = -0*l + 3*s + 39. Let o = l - 18. What is the tens digit of o?
1
Let t = -525 + 758. Suppose t = 4*x - z, 2*z - 65 = x - 2*x. What is the tens digit of x?
5
Let x(c) = c + 11. Let i be x(-9). Suppose 0 = -3*d - i*d + 50. What is the tens digit of d?
1
What is the tens digit of (-10)/(-40) - 163/(-4)?
4
Let d be (-13)/(-3) - (-1)/(-3). Suppose 15 = -5*p, 3*v - 188 = -v - d*p. Suppose -5*r + v = -0*r + 5*g, -3*r - g + 20 = 0. What is the units digit of r?
5
Suppose l + 4 + 1 = 0. Let k = -2 + 0. Let a = k - l. What is the units digit of a?
3
Let b(f) = -f**3 + 24*f**2 - 59*f - 8. What is the units digit of b(21)?
6
Suppose 0 = x + 4*x + 20. Let m be 415/(-4) + 1/x. What is the units digit of 2/6 - m/12?
9
Suppose z + 4*z = 50. Let j be z/(3 + (-14)/6). Let v = j - -2. What is the tens digit of v?
1
Suppose -2*l = -3*b + 2*b + 140, 3*l - 538 = -4*b. What is the tens digit of b?
3
Suppose -50 = 5*k - 10. Let m = 13 + k. Suppose -m*s + s + 4 = 0. What is the units digit of s?
1
Suppose -2*x - 4 = -8. Suppose c + 1 = x*c. What is the units digit of c?
1
Let y(x) = x - 9. Let v be y(7). Let r be (-2)/v*(-108)/(-4). Suppose 0 = 5*c - r + 7. What is the units digit of c?
4
Suppose i = -0*i + 4*q - 25, 4*i + 35 = 3*q. Let y = 7 + i. What is the units digit of y?
2
What is the tens digit of 5/(15/(-1539))*4/(-12)?
7
Let q(m) be the third derivative of -m**5/60 + m**4/24 + m**3/6 + 2*m**2. Let i be q(0). What is the units digit of (-14)/(-4) + i/2?
4
Let z = 606 + -335. What is the tens digit of z?
7
Let p be (-184)/40 - 6/(-10). What is the units digit of -1 + 8 - (-4)/p?
6
Let j(f) = f**2 + 10*f - 6. What is the units digit of j(-13)?
3
Let a = -32 + 38. What is the units digit of a?
6
Let h = -6 - -3. What is the units digit of (-3)/(3/(-4)) - h?
7
Let g = 14 + -10. Suppose g*m = -5*b + 52, 0 = -2*m - 2*m - b + 36. What is the units digit of m?
8
Let k(i) = -i - 4. Let j be k(-7). Suppose -j*s + f = -40, -s - 2 + 20 = -5*f. What is the tens digit of s?
1
Let u be (14/6)/((-1)/(-6)). Suppose 5*q - 90 = -l, -5*l - u = -5*q + 46. What is the units digit of q?
7
Suppose 11*y - 9*y = 66. What is the tens digit of y?
3
Let m = 23 - 8. Suppose -m = -2*o - 2*z - 1, 5*z - 23 = -2*o. What is the units digit of o?
4
Let k(g) = 8*g - 25. What is the hundreds digit of k(16)?
1
Let c(b) = -b**2 + 3*b + 1. Let q be c(5). What is the units digit of 11/3*q/(-3)?
1
Let g = -16 - -22. Let t = 11 - g. What is the units digit of t?
5
Let q = 30 - 17. What is the units digit of q?
3
Suppose 6*r - 23 - 7 = 0. What is the units digit of r?
5
Let u(l) = -l + 9. Let o be 8 - (2 + 4)/3. Let p = -6 + o. What is the units digit of u(p)?
9
Suppose -6*p = -11*p - 60. What is the units digit of (p/(-14))/((-5)/(-70))?
2
Let b = -4 + 67. What is the tens digit of b?
6
Suppose 3*w = -3 + 156. What is the units digit of w?
1
Suppose 3*d - 3*n - 603 = 0, -4*d + 3*n - 579 = -7*d. What is the tens digit of d?
9
What is the tens digit of 2/((2/(-8))/((-194)/16))?
9
Suppose 5*w = -4*n - 10, w + 4*n - 9 = n. Let p(t) = t + 8. Let z be p(w). Let o(q) = 4*q**2 + 3*q - 3. What is the units digit of o(z)?
9
Suppose 0 = w - 2*w + 187. What is the tens digit of w?
8
Let c = -24 - -13. Let t(f) = f + 12. Let l be t(c). What is the units digit of (-1 + 2)*l - -1?
2
Suppose 73 = 3*d - 2*d - 4*t, 5*t = -5. Suppose 2*n - 3*s - 41 - d = 0, 0 = -4*n + 5*s + 216. What is the tens digit of n?
4
Suppose -4*x - x = 5. Let b = 4 + x. Let i(s) = s**3 - 2*s**2 + 3*s - 3. What is the tens digit of i(b)?
1
Let x = 52 - 3. What is the units digit of x?
9
Suppose 4*y - 3*l - 212 = 0, -l + 26 = -4*y + 230. What is the units digit of y?
0
Let l(s) = -s**3 - 9*s**2 + 9*s + 4. Let k = -51 + 26. Let p = -35 - k. What is the tens digit of l(p)?
1
What is the units digit of (71/(-5))/((-3)/15)?
1
Let o(f) = f**3 - f**2 - f. What is the units digit of o(2)?
2
Suppose -5*d + 6*d - 3 = 0. Suppose 6*m - 4*m - 3*t - 27 = 0, -51 = -4*m + d*t. What is the units digit of m?
2
Suppose 81 = -j + 2*j - 5*n, -267 = -3*j + 3*n. What is the units digit of j?
1
Suppose 16 = 3*p + 1. Let b be (4/p)/(6/105). What is the units digit of 122/b + 8/28?
9
Let h(r) = -r**3 + 5*r**2 - 3*r - 2. Let s be 2/1*(-33)/(-22). What is the units digit of h(s)?
7
What is the units digit of (8/(-1))/(12/(-66))?
4
Let u(p) = -p**2 + 10*p - 8. Let r be u(9). Let m(d) = 28*d - 1. What is the units digit of m(r)?
7
Suppose 0 = -5*m + w, 0*m - 4*w = -3*m. Suppose d - 2 - 9 = m. What is the tens digit of d?
1
Let o(d) = 4*d**2 + 2*d + 1. Let y be o(-1). Suppose -2*l + 5 = y*l. What is the units digit of l?
1
What is the units digit of 3 + (-2 - -16) + 3?
0
Let i be 27/(-12)*(-16)/(-6). What is the units digit of ((-9)/i)/(6/8)?
2
Let f(m) = 2*m - 7. Let o be f(5). Let h = o - -3. Let t(r) = 2*r + 4. What is the units digit of t(h)?
6
Let s = 14 - 9. Suppose 3*y = s*j + 28, 3*y + y + j - 22 = 0. What is the units digit of y?
6
Suppose 0 = -7*x + 2*x - 130. Let u = x + 39. What is the units digit of u?
3
Let f(g) = -g - 3 - 3 + g**2 - 2*g. Let z be f(5). Suppose 8 = 2*o - z. What is the units digit of o?
6
Suppose -16*o + 792 = -10*o. What is the hundreds digit of o?
1
Suppose 0*j - 3*j = 5*f - 254, -5*j = -2*f + 83. What is the units digit of f?
9
Suppose 0 = -3*d + 3, 0 = -k + 2*d + 23 + 44. What is the tens digit of k?
6
Let x(h) = -5*h - 9. What is the units digit of x(-5)?
6
Suppose -360 = -u - 103. What is the